

{"id":191,"date":"2025-02-05T15:15:08","date_gmt":"2025-02-05T15:15:08","guid":{"rendered":"https:\/\/nordicolio.it\/?post_type=product&#038;p=191"},"modified":"2025-02-05T15:15:09","modified_gmt":"2025-02-05T15:15:09","slug":"olio-naturale-5-spettro-completo","status":"publish","type":"product","link":"https:\/\/nordicolio.it\/?product=olio-naturale-5-spettro-completo","title":{"rendered":"Olio Naturale 5% Spettro Completo"},"content":{"rendered":"<p>L&#8217;Olio Naturale 5% a Spettro Completo \u00e8 perfetto per chi desidera integrare nella propria routine un prodotto naturale di alta qualit\u00e0. Realizzato con olio MCT e ingredienti naturali, \u00e8 studiato per favorire il benessere e l&#8217;equilibrio del corpo. Prodotto con un processo di estrazione delicato, mantiene intatte le propriet\u00e0 naturali della pianta, garantendo un\u2019esperienza autentica. L&#8217;olio \u00e8 vegano, senza olio di palma e privo di additivi chimici. \u00c8 semplice da utilizzare e ideale per un assorbimento ottimale grazie all&#8217;applicazione sublinguale.<\/p>\n","protected":false},"excerpt":{"rendered":"<p>L&#8217;Olio Naturale 5% a Spettro Completo \u00e8 perfetto per chi desidera integrare nella propria routine un prodotto naturale di alta qualit\u00e0. Realizzato con olio MCT e ingredienti naturali, \u00e8 studiato per favorire il benessere e l&#8217;equilibrio del corpo. Prodotto con un processo di estrazione delicato, mantiene intatte le propriet\u00e0 naturali della pianta, garantendo un\u2019esperienza autentica. [&#8230;]\n","protected":false},"featured_media":165,"comment_status":"open","ping_status":"closed","template":"","meta":[],"product_brand":[18],"product_cat":[15],"product_tag":[],"class_list":{"0":"post-191","1":"product","2":"type-product","3":"status-publish","4":"has-post-thumbnail","6":"product_brand-nordicolio","7":"product_cat-uncategorized","9":"first","10":"instock","11":"sale","12":"shipping-taxable","13":"purchasable","14":"product-type-simple"},"_links":{"self":[{"href":"https:\/\/nordicolio.it\/index.php?rest_route=\/wp\/v2\/product\/191","targetHints":{"allow":["GET"]}}],"collection":[{"href":"https:\/\/nordicolio.it\/index.php?rest_route=\/wp\/v2\/product"}],"about":[{"href":"https:\/\/nordicolio.it\/index.php?rest_route=\/wp\/v2\/types\/product"}],"replies":[{"embeddable":true,"href":"https:\/\/nordicolio.it\/index.php?rest_route=%2Fwp%2Fv2%2Fcomments&post=191"}],"wp:featuredmedia":[{"embeddable":true,"href":"https:\/\/nordicolio.it\/index.php?rest_route=\/wp\/v2\/media\/165"}],"wp:attachment":[{"href":"https:\/\/nordicolio.it\/index.php?rest_route=%2Fwp%2Fv2%2Fmedia&parent=191"}],"wp:term":[{"taxonomy":"product_brand","embeddable":true,"href":"https:\/\/nordicolio.it\/index.php?rest_route=%2Fwp%2Fv2%2Fproduct_brand&post=191"},{"taxonomy":"product_cat","embeddable":true,"href":"https:\/\/nordicolio.it\/index.php?rest_route=%2Fwp%2Fv2%2Fproduct_cat&post=191"},{"taxonomy":"product_tag","embeddable":true,"href":"https:\/\/nordicolio.it\/index.php?rest_route=%2Fwp%2Fv2%2Fproduct_tag&post=191"}],"curies":[{"name":"wp","href":"https:\/\/api.w.org\/{rel}","templated":true}]}}